*z = -5*t + 28. What is the hundreds digit of u(z)?
1
Let r = -165 + 940. Suppose -4*z + 9*z = r. Let y = z + -88. What is the units digit of y?
7
Let t(l) = 1464*l - 1401. What is the thousands digit of t(4)?
4
Suppose -k - 4 = -5*u, 3*u - 1 = -2*k + 4*k. Let n be (32/(-112))/(u/(-7)). Suppose 5*x + 350 = -0*g + n*g, -5*x + 205 = g. What is the hundreds digit of g?
1
Let g = 8963 + -3664. What is the units digit of g?
9
Let f be 15/(-10) + 33/2. Suppose -2*w + f = -6*w + 3*v, 4*v - 20 = w. Let y(r) = r**3 - 2*r**2 - 2*r + 62. What is the tens digit of y(w)?
6
What is the hundreds digit of (3128/(-6) - 6/(-9))/((-12)/144)?
2
Let o(a) = -41*a + 37. Let y be o(0). Let r be 86/3 + 4/(-6). Suppose y*l - 33*l = r. What is the units digit of l?
7
Suppose 200765 = 10*s + 2*r - 22981, -2*r + 111881 = 5*s. What is the ten thousands digit of s?
2
Let m = 52408 + -22512. What is the thousands digit of m?
9
Let n = -66 + 71. Suppose 3*x + 34 = 2*a, -2*x = -n*a - 4*x + 47. Suppose a*g + 164 = 15*g. What is the tens digit of g?
4
Suppose -2*h - 3*m - 1974 = 0, 5*h + 4644 + 257 = m. What is the tens digit of h/(4/16*-3)?
0
Let l be (4/8)/((-2)/(-72)). Let q = 132 + -82. Suppose -l*n = -23*n + q. What is the tens digit of n?
1
Suppose 25*n = 5605 - 27655. Let x = n + 901. What is the units digit of x?
9
Suppose a = 3 - 0, 3*j - a = 26556. What is the units digit of j?
3
Let l(t) = 4*t + 211. Let g be l(-49). Let j(c) = -c**3 + 0*c - 8*c - c - 14 + 17*c**2 - 7*c. What is the tens digit of j(g)?
9
Suppose 34*x + 9*x - 89042 - 313782 = 0. What is the hundreds digit of x?
3
Suppose -915 = -5*k - 2*s - s, -15 = -3*s. Let m be (-10521)/(-35)*(1 + 2 + 3/9). Suppose 6*d + k = m. What is the units digit of d?
7
Suppose 8963327 + 651514 = -22*p + 509*p. What is the thousands digit of p?
9
Let v(d) be the first derivative of -217*d**4/2 + 2*d**3/3 + d**2/2 + 11. What is the hundreds digit of v(-1)?
4
Let g(c) = c**2 - 13*c + 21. Let h(b) = b**2 + 4*b - 20. Let x be h(4). Let f be g(x). Suppose 0 = -3*t - f, 507 = 3*z + 4*t + t. What is the units digit of z?
4
Suppose 3*z - 21 = -0*v - 3*v, -10 = -2*z - 3*v. What is the units digit of (9 - 1)*(-2 + z)?
2
Let x(y) = -y**3 + 42*y**2 + 47*y - 64. What is the units digit of x(41)?
4
What is the units digit of 1475/(-20)*(-4832)/8?
5
Let n = -11 + 11. Suppose m + 1 = 6, n = -g + m. Suppose 3*z - k - 29 = -2*k, -g*z + 71 = -4*k. What is the units digit of z?
1
What is the tens digit of -2038*15/(-4)*(-816)/(-680)?
7
Suppose 43420 = 12*a + 8*a. Suppose a = y + 12*y. What is the hundreds digit of y?
1
Suppose 29135 = 5*q - 4*f, -5767 - 60 = -q - 2*f. What is the units digit of q?
7
Let y be (10 - 44)*(-6)/(-4). Let u be (-347)/3 + 17/y. Let k = -53 - u. What is the tens digit of k?
6
Let n(w) = 47*w**3 + 82*w**2 - 9*w - 3. What is the thousands digit of n(9)?
0
Let t(o) = -o**3 + 40*o**2 - 112*o + 17. What is the thousands digit of t(35)?
2
Suppose -337*z + 339*z = 5*q + 54729, 3*q - 9 = 0. What is the hundreds digit of z?
3
What is the thousands digit of (-30)/(-25)*162480/72?
2
Suppose 0 = -5*p - 5*w + 42350, 11*w - 42336 = -5*p + 13*w. What is the units digit of p?
8
Let n be (-4582)/(-87) - (-1)/3. Let v be 22/(-8) + 4/(-16). What is the tens digit of n - (-4 - v)*1?
5
Let w = -51965 + 98907. What is the hundreds digit of w?
9
Let d(v) = -2*v**3 - 12*v**2 + 7*v + 63. Let l be 1/(-5) + (-220)/(-75)*-3. What is the units digit of d(l)?
6
Let n = 334 + -266. Suppose n*b + 5664 = 74*b. What is the units digit of b?
4
Let q = 63 - 97. Let h = 94 + q. Suppose -2*t = -48 - h. What is the units digit of t?
4
Let b(v) = -797*v - 1005. What is the tens digit of b(-29)?
0
Let o = -7683 + 7688. Suppose 2 = -r, -3*h - 2*r = -3*r + 1. What is the tens digit of (h + -100)/(o + (-77)/14)?
0
Let j(v) = 4383*v + 652. What is the tens digit of j(3)?
0
Suppose -3*t - 153 = -3*s, -185 = 3*t + 8*s - 3*s. Suppose -38 - 58 = a. Let y = t - a. What is the units digit of y?
1
Let m(t) = 5*t + 69. Let r = -97 + 93. What is the tens digit of m(r)?
4
Suppose -3*v = -78*v + 743083 + 1288967. What is the tens digit of v?
9
Let v = -117 - -190. Suppose 64*n - 3551 - 1953 = 0. Let o = n - v. What is the units digit of o?
3
Let d be (-12)/4 + 2 + -4. Let t(n) = -n**3 - 4*n**2 - 7*n - 8. What is the units digit of t(d)?
2
What is the tens digit of (3 + 1)*(3392275/100)/29?
7
Let g be 2 + 3 - 156/(-8)*2. Let o be 15/2 - (-2)/4. Let z = g - o. What is the units digit of z?
6
What is the thousands digit of (2694/2245)/((-3)/(-9670))?
3
Let f be (12/(-16) - 0) + 30/8. Suppose -196 = -f*k + 182. Let d = k + -66. What is the units digit of d?
0
What is the units digit of 4*(-4 - 16095/(-20))?
3
Suppose 10*j - 11*j = 4*h - 31083, 31083 = j - 3*h. What is the thousands digit of j?
1
Suppose -3*j + 5069 = 2*y, 6*y - 3*y + 1708 = j. What is the thousands digit of j?
1
Suppose 2*m - 6*m - 2*s + 48908 = 0, 3*s + 36663 = 3*m. Suppose -m = -15*l - 0*l. What is the hundreds digit of l?
8
What is the ten thousands digit of (384/36)/(-8)*(3 + (-46959)/4)?
1
Suppose -2*t - 2*i = -16122, -2*t + 33*i = 37*i - 16126. What is the units digit of t?
9
Let r(n) = -2*n - 100. Let t be r(-15). What is the units digit of ((-6760)/t)/(2/7)?
8
Suppose -14*o - 20 = -19*o. Let k be -3 + o/(-6) + 140/21. Suppose 13*c - k*c - 1820 = 0. What is the hundreds digit of c?
1
Let m(u) = 29*u**2 - 690. Let c(a) = -5*a**2 + 115. Let d(s) = 34*c(s) + 6*m(s). What is the units digit of d(14)?
4
Let h = -61458 - -116973. What is the units digit of h?
5
Let n(t) = 123*t. Let g be n(-1). Suppose 743 = -573*l + 591*l - 643. Let r = l - g. What is the hundreds digit of r?
2
Let r(n) = -n**3 - 11*n**2 - 3*n - 16. Let j be r(-11). Suppose j - 8 = 3*m. Suppose 0*x + z = -m*x + 241, 2*x - 154 = z. What is the tens digit of x?
7
Suppose -26*g + 29*g = 5*l + 39759, 53038 = 4*g + 2*l. What is the hundreds digit of g?
2
Let s = 1070 - 744. What is the units digit of s?
6
Let q = 3690 + -2182. Suppose 3*d - 7*d + q = 0. What is the hundreds digit of d?
3
Let v = -16245 + 33975. What is the hundreds digit of v?
7
What is the hundreds digit of (1 - -1)*((-3)/(-12) + (-514822)/(-88))?
7
Let j(q) = q**3 + 42*q**2 + 2*q - 389. What is the thousands digit of j(-36)?
7
Let l(d) = d**3 + 6*d**2 + 3*d - 5. Let t be l(-5). Suppose 4*k + t*u - 49 = 79, -3*k + 4*u = -65. Let v = k - 10. What is the tens digit of v?
1
Suppose -35*y = -277124 + 64499. What is the tens digit of y?
7
Let s be -4 - -1 - (-15 - 1)/2. Suppose 4*b - 3*k - 1938 = 0, 1447 = 8*b - s*b + k. What is the hundreds digit of b?
4
Let g = 55 + -55. Suppose g = -2*u - u + 2232. Suppose 0 = -6*t + 14*t - u. What is the tens digit of t?
9
Suppose -4*f + 10 + 10 = 0, -k - 3*f = -16. What is the hundreds digit of -1394*(5 - ((-55)/(-10))/k)?
6
Let j(s) = -1028*s + 10222. What is the ten thousands digit of j(-35)?
4
Suppose -17*l - 2340 = 3*l. Let x = l + 266. What is the tens digit of x?
4
Suppose -191*d + 23*d - 131619 = -836715. What is the thousands digit of d?
4
Let n(s) = -29*s**2 + 725*s - 11. What is the tens digit of n(16)?
6
Let v be -3 - 5/2*(-300)/125. Suppose -j = 3*y + 2*j - 627, 0 = -y + v*j + 217. What is the hundreds digit of y?
2
Let a = 198 + -183. What is the units digit of a?
5
Let t(c) = -37*c + 213. Let z be t(22). Let w = z - -758. What is the tens digit of w?
5
Let b be (-4 - (5 - 11)) + 4. Suppose 1008 = -b*s + 10*s. What is the hundreds digit of s?
2
What is the hundreds digit of (-59624)/(-7) - (8/(-56) + 3/(-21))?
5
Let y = -4131 - -6103. What is the hundreds digit of y?
9
Suppose -11*m + 12*m + 20 = 3*b, -4*b = 4*m. Suppose 4*c = 6*c + b*o - 57, -3*c + 57 = -2*o. Suppose -15*j = -c*j + 72. What is the tens digit of j?
1
Let v be (92 - 84) + 128/2. Suppose -y + 48 = 2*y. Suppose -y*i - v = -17*i. What is the tens digit of i?
7
Suppose -58*m + 161 = -13. Suppose m*o = -3*t - 0*t + 3201, 0 = -5*t - o + 5339. What is the units digit of t?
8
Suppose 18*v + 38 + 52 = 0. Let p(u) = -3*u**3 - 10*u**2 - 10*u - 10. What is the hundreds digit of p(v)?
1
Let k(y) = 13*y**3 + 5*y**2 + y. What is the units digit of k(8)?
4
Suppose -5*j - 6 = -21. Suppose x + 4*w = 2*x - 3, 36 = 3*x - j*w. Suppose -x*d + 10*d = -55. What is the tens digit of d?
1
L